{"id":70,"date":"2024-07-04T17:48:58","date_gmt":"2024-07-04T17:48:58","guid":{"rendered":"https:\/\/reikieffect.com\/?page_id=70"},"modified":"2025-10-27T21:55:46","modified_gmt":"2025-10-27T21:55:46","slug":"reiki-integrale","status":"publish","type":"page","link":"https:\/\/reikieffect.com\/index.php\/reiki-integrale\/","title":{"rendered":"REIKI Int\u00e9grale"},"content":{"rendered":"\n<p><strong>S\u00e9ance de Reiki Int\u00e9grale<\/strong><\/p>\n\n\n\n<figure class=\"wp-block-image aligncenter size-large is-resized\"><img loading=\"lazy\" decoding=\"async\" width=\"1024\" height=\"679\" src=\"https:\/\/reikieffect.com\/wp-content\/uploads\/2024\/07\/65-1-1024x679.png\" alt=\"\" class=\"wp-image-98\" style=\"aspect-ratio:1.5;object-fit:cover;width:538px;height:auto\" srcset=\"https:\/\/reikieffect.com\/wp-content\/uploads\/2024\/07\/65-1-1024x679.png 1024w, https:\/\/reikieffect.com\/wp-content\/uploads\/2024\/07\/65-1-300x199.png 300w, https:\/\/reikieffect.com\/wp-content\/uploads\/2024\/07\/65-1-768x510.png 768w, https:\/\/reikieffect.com\/wp-content\/uploads\/2024\/07\/65-1.png 1073w\" sizes=\"auto, (max-width: 1024px) 100vw, 1024px\" \/><\/figure>\n\n\n\n<div class=\"wp-block-buttons is-layout-flex wp-block-buttons-is-layout-flex\">\n<div class=\"wp-block-button\"><a class=\"wp-block-button__link wp-element-button\" href=\"https:\/\/reikieffect.com\/index.php\/rendez-vous\/\">R\u00e9server<\/a><\/div>\n<\/div>\n\n\n\n<p><strong>Dur\u00e9e :<\/strong> 90 minutes<\/p>\n\n\n\n<p><strong>Description :<\/strong> Plongez dans une exp\u00e9rience de gu\u00e9rison compl\u00e8te avec notre <strong>S\u00e9ance de Reiki Int\u00e9grale<\/strong>. Pendant 90 minutes, laissez-vous envelopper par une \u00e9nergie bienveillante et apaisante. Cette s\u00e9ance prolong\u00e9e permet de travailler en profondeur sur les blocages \u00e9nerg\u00e9tiques et d&rsquo;harmoniser vos chakras pour une gu\u00e9rison holistique et durable.<\/p>\n\n\n\n<p>Le praticien commence par une br\u00e8ve discussion pour comprendre vos besoins sp\u00e9cifiques et vos intentions pour la s\u00e9ance. Ensuite, en position allong\u00e9e et dans un environnement serein, vous ressentirez un flux d&rsquo;\u00e9nergie subtile tandis que le praticien place ses mains l\u00e9g\u00e8rement au-dessus ou sur diff\u00e9rentes parties de votre corps. Cette approche compl\u00e8te est id\u00e9ale pour les personnes souhaitant :<\/p>\n\n\n\n<ul class=\"wp-block-list\">\n<li>Soulager le stress et l&rsquo;anxi\u00e9t\u00e9<\/li>\n\n\n\n<li>R\u00e9duire les douleurs chroniques<\/li>\n\n\n\n<li>Favoriser la gu\u00e9rison \u00e9motionnelle<\/li>\n\n\n\n<li>Am\u00e9liorer le sommeil<\/li>\n\n\n\n<li>\u00c9quilibrer les \u00e9nergies du corps<\/li>\n<\/ul>\n\n\n\n<p>Apr\u00e8s la s\u00e9ance, vous aurez un moment pour revenir en douceur et discuter de vos ressentis avec le praticien. Nous vous recommandons de boire beaucoup d&rsquo;eau et de vous reposer apr\u00e8s la s\u00e9ance pour maximiser les bienfaits du Reiki.<\/p>\n\n\n\n<p><a href=\"https:\/\/reikieffect.com\/index.php\/rendez-vous\/\" data-type=\"page\" data-id=\"46\">R\u00e9servez <\/a>votre <strong>S\u00e9ance de Reiki Int\u00e9grale<\/strong> d\u00e8s aujourd&rsquo;hui pour une transformation \u00e9nerg\u00e9tique profonde et durable. Offrez-vous ce moment de bien-\u00eatre et d&rsquo;harmonie.<\/p>\n","protected":false},"excerpt":{"rendered":"<p>S\u00e9ance de Reiki Int\u00e9grale Dur\u00e9e : 90 minutes Description : Plongez dans une exp\u00e9rience de gu\u00e9rison compl\u00e8te avec notre S\u00e9ance de Reiki Int\u00e9grale. Pendant 90 minutes, laissez-vous envelopper par une \u00e9nergie bienveillante et apaisante. Cette s\u00e9ance prolong\u00e9e permet de travailler en profondeur sur les blocages \u00e9nerg\u00e9tiques et d&rsquo;harmoniser vos chakras pour une gu\u00e9rison holistique et [&hellip;]<\/p>\n","protected":false},"author":1,"featured_media":0,"parent":0,"menu_order":0,"comment_status":"closed","ping_status":"closed","template":"","meta":{"footnotes":""},"class_list":["post-70","page","type-page","status-publish","hentry"],"_links":{"self":[{"href":"https:\/\/reikieffect.com\/index.php\/wp-json\/wp\/v2\/pages\/70","targetHints":{"allow":["GET"]}}],"collection":[{"href":"https:\/\/reikieffect.com\/index.php\/wp-json\/wp\/v2\/pages"}],"about":[{"href":"https:\/\/reikieffect.com\/index.php\/wp-json\/wp\/v2\/types\/page"}],"author":[{"embeddable":true,"href":"https:\/\/reikieffect.com\/index.php\/wp-json\/wp\/v2\/users\/1"}],"replies":[{"embeddable":true,"href":"https:\/\/reikieffect.com\/index.php\/wp-json\/wp\/v2\/comments?post=70"}],"version-history":[{"count":3,"href":"https:\/\/reikieffect.com\/index.php\/wp-json\/wp\/v2\/pages\/70\/revisions"}],"predecessor-version":[{"id":99,"href":"https:\/\/reikieffect.com\/index.php\/wp-json\/wp\/v2\/pages\/70\/revisions\/99"}],"wp:attachment":[{"href":"https:\/\/reikieffect.com\/index.php\/wp-json\/wp\/v2\/media?parent=70"}],"curies":[{"name":"wp","href":"https:\/\/api.w.org\/{rel}","templated":true}]}}